o) = -o**3 + 12*o**2 + 9*o + 37. Determine h(13).
-15
Let f(g) = 6*g**2 - 633*g + 312. Give f(105).
-3
Let v(n) = -33*n - 11. What is v(3)?
-110
Let t(a) = 6*a**3 + 6*a**2 + 3*a - 7. Determine t(-2).
-37
Let a(v) = 215*v - 7753. Give a(36).
-13
Let v(j) = j**3 + 58*j**2 + 98*j + 9263. Calculate v(-59).
0
Let g(r) = -r**3 - 81*r**2 - 165*r - 532. What is g(-79)?
21
Let a(d) = -d**2 + 18*d - 112. Calculate a(10).
-32
Let n(k) = 2*k**3 - 18*k**2 + 14*k + 4. Calculate n(8).
-12
Let z(r) = 90*r + 1508. Determine z(-16).
68
Let n(s) = s**2 + 76*s + 967. What is n(-16)?
7
Let c(p) = 7*p - 130. Give c(14).
-32
Let g(s) = 2234*s - 8925. What is g(4)?
11
Let l(m) = -82*m**2 + 4677*m - 168. Determine l(57).
3
Let y(r) = 1162*r - 17430. Determine y(15).
0
Let m(w) = 107*w + 2242. Determine m(-21).
-5
Let w(m) = -20*m**2 - 143*m + 19. Calculate w(-8).
-117
Let l(q) = q**3 - 60*q**2 - 6*q + 246. What is l(60)?
-114
Let y(v) = 138*v + 284. Calculate y(-2).
8
Let d(u) = -1225*u - 15938. Determine d(-13).
-13
Let l(y) = -y**3 + 8*y**2 - 44*y + 162. What is l(6)?
-30
Let k(n) = 6880*n - 20636. Determine k(3).
4
Let p(x) = 8*x**3 - x**2 - 2*x - 11. Calculate p(4).
477
Let r(o) = -91*o**2 + 2452*o + 88. Determine r(27).
-47
Let h(g) = -g**3 - 60*g**2 - 415*g - 87. Determine h(-52).
-139
Let z(j) = -41*j**2 - 3*j - 34. Determine z(-4).
-678
Let x(d) = -3*d**2 - 134*d + 1723. Determine x(-55).
18
Let g(o) = 5*o**3 - 34*o**2 + 30*o - 61. Determine g(6).
-25
Let z(o) = -69*o + 1533. Determine z(22).
15
Let u(x) = -4027*x + 64439. Give u(16).
7
Let z(i) = -i**2 + 52*i + 1278. What is z(-18)?
18
Let l(i) = -i**2 + 9*i + 417. Give l(-16).
17
Let i(p) = p**2 - 97*p - 1098. Calculate i(107).
-28
Let w(h) = -3*h**2 + 456*h - 2208. What is w(5)?
-3
Let d(z) = 25*z - 1212. What is d(49)?
13
Let p(b) = 14*b + 188. Give p(-30).
-232
Let g(j) = -4*j**3 + 6*j**2 + 13*j - 31. What is g(5)?
-316
Let u(a) = a**3 + 19*a**2 + 25*a + 109. What is u(-16)?
477
Let v(l) = -l**3 + 16*l**2 + 86*l + 6. Give v(-4).
-18
Let i(f) = f**2 - 329*f - 22444. What is i(-58)?
2
Let k(v) = v**2 - 11*v - 78. Determine k(16).
2
Let r(m) = 53*m**2 + 9*m - 10. Give r(1).
52
Let i(d) = -52*d + 605. Give i(13).
-71
Let d(j) = -3665*j + 32993. Calculate d(9).
8
Let z(p) = -68*p + 916. What is z(14)?
-36
Let r(g) = -4*g + 124. Calculate r(31).
0
Let g(d) = d**3 + 13*d**2 - 14*d - 5. Determine g(-14).
-5
Let g(z) = -z**3 - 19*z**2 - 94*z - 18. What is g(-11)?
48
Let z(p) = -2*p**2 + 181*p + 364. Calculate z(-2).
-6
Let r(a) = -13*a - 218. What is r(-19)?
29
Let n(f) = 5*f**3 - 3*f**2 + 9*f - 16. Determine n(2).
30
Let v(d) = -d**3 - 18*d**2 - 79*d - 3. What is v(-8)?
-11
Let p(c) = 20*c**2 + 1065*c + 184. Calculate p(-53).
-81
Let x(h) = -82*h + 2860. Give x(36).
-92
Let i(a) = -10*a**2 + 2*a - 7. Determine i(1).
-15
Let v(h) = -7*h - 649. Give v(-61).
-222
Let c(x) = 2*x**3 + 21*x**2 + 10*x - 18. Determine c(6).
1230
Let h(x) = -13*x - 212. Give h(0).
-212
Let c(s) = s**3 + 7*s**2 + 34*s - 182. Calculate c(3).
10
Let v(x) = x - 89. What is v(64)?
-25
Let l(w) = 43*w**2 - 90*w - 3. Give l(3).
114
Let v(b) = -106*b + 370. Calculate v(2).
158
Let g(c) = -13017*c + 143202. What is g(11)?
15
Let t(c) = 2*c**3 + 21*c**2 - 9*c + 25. Determine t(-11).
3
Let f(v) = -2600*v - 7800. Give f(-3).
0
Let x(o) = -99*o - 6533. Calculate x(-66).
1
Let j(o) = 6*o**2 + 64*o + 12. Give j(-13).
194
Let z(a) = -2*a**2 - 51*a - 62. What is z(-20)?
158
Let f(u) = 16*u - 860. Give f(54).
4
Let s(y) = 59*y - 338. What is s(6)?
16
Let v(a) = -372*a + 1585. What is v(4)?
97
Let n(k) = k**3 + k**2 - 52*k - 92. Give n(-2).
8
Let c(g) = 164*g + 1639. What is c(-10)?
-1
Let z(n) = 2*n**3 - 11*n**2 - 20*n + 7. Give z(7).
14
Let i(t) = t**3 + 11*t**2 - 52*t - 15. What is i(5)?
125
Let p(u) = 2*u**3 - 12*u**2 - 11. Determine p(6).
-11
Let g(p) = 13*p**2 + 115*p - 27. Calculate g(-9).
-9
Let k(q) = 6*q**2 - 110*q + 466. What is k(12)?
10
Let r(z) = z**2 + 46*z + 493. Calculate r(-18).
-11
Let n(f) = -82*f**3 - f**2 + 24*f - 23. What is n(1)?
-82
Let g(s) = -2*s**2 + 42*s - 231. Calculate g(12).
-15
Let f(h) = -6*h + 314. Calculate f(40).
74
Let m(s) = -13*s**2 - 232*s + 51. Give m(-18).
15
Let t(w) = 54*w**2 + 2809*w + 33. Determine t(-52).
-19
Let s(p) = 325*p + 358. Calculate s(-1).
33
Let z(j) = -j**3 - 26*j**2 - 168*j - 656. Give z(-19).
9
Let y(s) = 427*s + 3813. Give y(-9).
-30
Let i(p) = p**3 + 73*p**2 + 212*p + 3. Determine i(-3).
-3
Let k(u) = 2*u**3 - 57*u**2 - 40*u + 313. Give k(29).
-6
Let v(i) = -3*i**2 + 23*i - 118. Give v(6).
-88
Let d(g) = -170*g**2 + 2414*g - 472. What is d(14)?
4
Let k(t) = -69*t - 73. Determine k(-1).
-4
Let q(w) = 1315*w - 36813. Calculate q(28).
7
Let o(g) = -2700*g + 54003. Calculate o(20).
3
Let y(a) = a**3 - 41*a**2 + 3*a - 12. What is y(41)?
111
Let a(c) = 28*c - 388. Calculate a(14).
4
Let d(i) = -51*i - 202. Calculate d(-9).
257
Let g(o) = 33*o - 255. What is g(12)?
141
Let g(d) = -d**2 + 2*d + 20. Give g(6).
-4
Let f(a) = 34*a**2 - 52*a + 165. Give f(3).
315
Let r(m) = -233*m + 6979. Calculate r(30).
-11
Let r(d) = 2*d**2 + 70*d + 516. Give r(-22).
-56
Let f(s) = -s**3 + 3*s**2 + 18*s + 7. Determine f(5).
47
Let z(d) = -2*d**2 - 25*d - 192. What is z(-12)?
-180
Let h(q) = -12*q**3 + 51*q**2 - 61*q - 1. What is h(2)?
-15
Let c(u) = -u**3 + 45*u**2 + 3*u - 75. Give c(45).
60
Let u(h) = 2*h**3 - 115*h**2 + 475*h + 96. What is u(53)?
-10
Let l(k) = k**2 + 31*k - 17. Calculate l(-20).
-237
Let b(h) = -144*h + 1306. What is b(9)?
10
Let c(r) = -14*r**2 + 715*r - 20. Calculate c(51).
31
Let a(v) = v**3 + 344*v**2 - 1056*v - 5234. Calculate a(-347).
-29
Let a(h) = h**2 + 139*h + 1726. Determine a(-125).
-24
Let w(y) = -2*y**3 + 293*y**2 + 150*y - 437. What is w(147)?
4
Let s(l) = l**3 + 97*l**2 + 1230*l - 53. Determine s(-82).
-53
Let f(x) = -661*x + 3330. What is f(5)?
25
Let q(h) = -37*h**2 + 11143*h - 1801. What is q(301)?
5
Let d(t) = -105*t + 404. Give d(5).
-121
Let p(c) = 41*c**3 - 203*c**2 - 12*c + 8. Determine p(5).
-2
Let c(k) = k**3 + 2*k**2 - 91*k - 183. Give c(-2).
-1
Let y(o) = -9*o + 271. What is y(34)?
-35
Let h(r) = r**3 - 36*r**2 - 39. Give h(36).
-39
Let t(s) = -2*s**2 - 46*s + 7. What is t(-4)?
159
Let b(a) = a**2 + 182*a - 3168. What is b(16)?
0
Let j(n) = 2*n**3 + 18*n**2 + 12*n - 10. Give j(-8).
22
Let u(o) = -o**3 + 12*o**2 - 13*o + 203. What is u(12)?
47
Let x(c) = -c**3 + 14*c**2 + 35*c - 46. Calculate x(16).
2
Let i(d) = -3*d**2 + 7*d - 8. Calculate i(3).
-14
Let u(n) = -6531*n + 97981. What is u(15)?
16
Let o(p) = 149*p + 1570. Determine o(-11).
-69
Let u(l) = -20*l**2 + 923*l + 4015. Calculate u(-4).
3
Let t(h) = -4*h**3 + 34*h**2 - 9*h + 20. Determine t(4).
272
Let u(p) = -3*p**3 + 296*p**2 + 710*p - 317. Calculate u(101).
-14
Let d(u) = 143*u**2 - 95*u + 187. What is d(2)?
569
Let k(c) = 1092*c + 145237. Give k(-133).
1
Let l(g) = -2*g**2 - 25*g + 265. Determine l(7).
-8
Let f(x) = -557*x + 2741. Calculate f(5).
-44
Let h(t) = 54*t + 1254. Calculate h(-25).
-96
Let a(f) = -f**3 + 13*f**2 - 175*f + 1679. Calculate a(11).
-4
Let v(r) = 2*r**3 + 6*r**2 + 9*r - 17. Calculate v(-4).
-85
Let z(g) = 2*g + 70. Determine z(5).
80
Let a(h) = h**3 + 7*h**2 - 112*h - 611. Determine a(-5).
-1
Let g(l) = 98*l + 7. Give g(1).
105
Let o(t) = t**2 - 20*t + 98. Give o(13).
7
Let b(o) = 262*o - 58. Give b(1).
204
Let w(n) = -9*n**2 + 38*n - 9. Determine w(7).
-184
Let y(s) = 3061*s - 18387. Give y(6).
-21
Let n(r) = r**3 - 209*r**2 + 189*r - 39500. Calculate n(209).
1
Let m(h) = -791*h + 59316. Determine m(75).
-9
Let i(h) = h**2 + 974*h - 5. What is i(0)?
-5
Let j(o) = 9*o**3 - 2*o**2 + 27*o - 7. Give j(0).
-7
Let z(h) = 729*h + 4342. Calculate z(-6).
-32
Let r(t) = -499*t - 6. Determine r(0).
-6
Let y(z) = z**3 + 21*z**2 - 31*z - 241. Determine y(-22).
-43
Let m(g) = 264*g**3 + 527*g**2 - 8*g - 8. Give m(-2).
4
Let z(g) = g**3 + 2*g**2 + 13*g - 28. What is z(2)?
14
Let v(w) = -16*w + 970. Determine v(61).
-6
Let z(x) = -31*x - 157. What is z(-10)?
153
Let r(p) = 80*p + 30. Calculate r(3).
270
Let i(z) = 2*z**3 - 132*z**2 + 137*z - 42. Determine i(65).
413
Let m(t) = -10*t**2 - 3*t - 2. What is m(-3)?
-83
Let p(n) = -n**2 - 4*n - 302. Give p(0).
-302
Let q(s) = 162*s**2 - 970*s - 11. Determi